{"version":"1.0","type":"rich","provider_name":"Le V\u00e9nissian","provider_url":"https:\/\/levenissian.fr","title":"Histoire personnelle de &#171;&nbsp;ma&nbsp;&#187; guerre d\u2019Alg\u00e9rie (Adieu jeunesse)","author_name":"pamillet","width":"480","height":"295","url":"http:\/\/levenissian.fr\/Histoire-personnelle-de-ma-guerre-d-Algerie-Adieu-jeunesse","html":"\u003Ch4 class='title'\u003E\u003Ca href='http:\/\/levenissian.fr\/Histoire-personnelle-de-ma-guerre-d-Algerie-Adieu-jeunesse'\u003EHistoire personnelle de &#171;&nbsp;ma&nbsp;&#187; guerre d\u2019Alg\u00e9rie (Adieu jeunesse)\u003C\/a\u003E\u003C\/h4\u003E\u003Cblockquote class='spip'\u003E\n\u003Cp\u003ENous sommes tr\u00e8s heureux de publier ces feuillets manuscrits de notre camarade Georges, un t\u00e9moignage \u00e0 son image, simple, digne, honn\u00eate et engag\u00e9\u2026 Il est certainement modeste, ne parle pas du &#171;&nbsp;trou&nbsp;&#187; qu\u2019il a connu souvent, de son choix de refuser de porter les armes, des brimades et sanctions, des tensions avec sa hi\u00e9rarchie et sans doute avec certains appel\u00e9s, ni des horreurs d\u2019une guerre qu\u2019il refusait mais dans laquelle il \u00e9tait plong\u00e9. Il t\u00e9moigne simplement qu\u2019un appel\u00e9 pouvait \u00eatre&nbsp;(\u2026)\u003C\/p\u003E\n\u003C\/blockquote\u003E\n"}

Le Vénissian

Histoire personnelle de &#171;&nbsp;ma&nbsp;&#187; guerre d’Algérie (Adieu jeunesse)

<h4 class='title'><a href='http://levenissian.fr/Histoire-personnelle-de-ma-guerre-d-Algerie-Adieu-jeunesse'>Histoire personnelle de &#171;&nbsp;ma&nbsp;&#187; guerre d’Algérie (Adieu jeunesse)</a></h4><blockquote class='spip'>
<p>Nous sommes très heureux de publier ces feuillets manuscrits de notre camarade Georges, un témoignage à son image, simple, digne, honnête et engagé… Il est certainement modeste, ne parle pas du &#171;&nbsp;trou&nbsp;&#187; qu’il a connu souvent, de son choix de refuser de porter les armes, des brimades et sanctions, des tensions avec sa hiérarchie et sans doute avec certains appelés, ni des horreurs d’une guerre qu’il refusait mais dans laquelle il était plongé. Il témoigne simplement qu’un appelé pouvait être&nbsp;(…)</p>
</blockquote>
