{"version":"1.0","type":"rich","provider_name":"Le V\u00e9nissian","provider_url":"https:\/\/levenissian.fr","title":"Isra\u00ebl-Palestine&nbsp;: ensemble, pour la paix et la justice&nbsp;!","author_name":"Pierre-Alain Millet","width":"480","height":"295","url":"http:\/\/levenissian.fr\/Israel-Palestine-ensemble-pour-la-paix-et-la-justice","html":"\u003Ch4 class='title'\u003E\u003Ca href='http:\/\/levenissian.fr\/Israel-Palestine-ensemble-pour-la-paix-et-la-justice'\u003EIsra\u00ebl-Palestine&nbsp;: ensemble, pour la paix et la justice&nbsp;!\u003C\/a\u003E\u003C\/h4\u003E\u003Cblockquote class='spip'\u003E\n\u003Cp\u003EParce que nous sommes solidaires du peuple palestinien qui subit la colonisation, l\u2019annexion et un r\u00e9gime de discriminations dans l\u2019indiff\u00e9rence g\u00e9n\u00e9rale&nbsp;;    Parce que nous condamnons les actes terroristes perp\u00e9tr\u00e9s par le Hamas contre la population civile isra\u00e9lienne qui poussent \u00e0 une guerre encore plus violente&nbsp;;    Parce que nous condamnons les bombardements isra\u00e9liens aveugles des civils et le blocus de Gaza provoquant une catastrophe humanitaire&nbsp;;    Parce que nous d\u00e9non\u00e7ons ceux qui&nbsp;(\u2026)\u003C\/p\u003E\n\u003C\/blockquote\u003E\n"}

Le Vénissian

Israël-Palestine&nbsp;: ensemble, pour la paix et la justice&nbsp;!

<h4 class='title'><a href='http://levenissian.fr/Israel-Palestine-ensemble-pour-la-paix-et-la-justice'>Israël-Palestine&nbsp;: ensemble, pour la paix et la justice&nbsp;!</a></h4><blockquote class='spip'>
<p>Parce que nous sommes solidaires du peuple palestinien qui subit la colonisation, l’annexion et un régime de discriminations dans l’indifférence générale&nbsp;;    Parce que nous condamnons les actes terroristes perpétrés par le Hamas contre la population civile israélienne qui poussent à une guerre encore plus violente&nbsp;;    Parce que nous condamnons les bombardements israéliens aveugles des civils et le blocus de Gaza provoquant une catastrophe humanitaire&nbsp;;    Parce que nous dénonçons ceux qui&nbsp;(…)</p>
</blockquote>
